e the remainder when (-3)/(-6)*(p - 1) is divided by 7.
5
Let p(n) = -3*n - 4. Let w = -20 + 25. What is the remainder when p(-4) is divided by w?
3
Let i be (-6)/(-4) - (-9)/2. Suppose -v = -i*v + 25. Suppose 0 = -v*c - 5, -3*o + 3*c - 5*c = -22. Calculate the remainder when 13 is divided by o.
5
Calculate the remainder when 206/(-8)*4/(-1) is divided by 35.
33
Suppose 0 = -5*w - 5 + 20. What is the remainder when 10 is divided by w?
1
Let v(t) = 4*t**2 + t - 2. Suppose 0 = 5*o + 13 - 3. Suppose -8 = -4*a, -8*a = -u - 3*a - 3. Calculate the remainder when v(o) is divided by u.
5
Suppose 2*y - 262 = -0*y. Suppose -r - 6 = 2*r, y = -5*j - 3*r. Let k = j + 41. What is the remainder when 31 is divided by k?
15
What is the remainder when ((-1)/3)/(5/(-750)) is divided by 18?
14
Suppose n = -0*n - 5, 2*l + 5*n = 221. Calculate the remainder when l is divided by 42.
39
Let v(k) = -1 + 29*k**2 - 5*k - 50*k**2 + 27*k**2 - k**3. What is the remainder when v(4) is divided by 3?
2
Suppose -5*x + 1665 - 130 = 0. Calculate the remainder when x is divided by 31.
28
Suppose 5*p + 3 = 3*u + 6, 4*u = -2*p + 22. Suppose -p*c + 3*s + 1 = -8, c = 2*s - 1. Calculate the remainder when c is divided by 2.
1
Let b = 33 + -10. Calculate the remainder when b is divided by 10/(-3)*18/(-5).
11
Let p = 1 - 1. Suppose 4*i - b = 182, p*b + b + 136 = 3*i. Suppose -2*m - i = -4*m. Calculate the remainder when m is divided by 12.
11
Let d be (-3)/((9/42)/1). Let z = -8 - d. Calculate the remainder when 17 is divided by z.
5
Let v(w) be the third derivative of -w**5/60 + w**4/2 - w**3 + w**2. Suppose 0 = 3*t - 6*t + 27. Calculate the remainder when v(t) is divided by 11.
10
Suppose -2*n = -8*d + 3*d + 215, -4*d + 172 = n. Calculate the remainder when d is divided by 11.
10
Suppose 53 = 2*j + 21. What is the remainder when j is divided by 38/4 + 1/(-2)?
7
Let o = -24 + 12. Let j be (-5 - -1)*441/o. Suppose 2*i + j = 5*i. Calculate the remainder when i is divided by 17.
15
Let g be ((-1)/(-2))/(1/(-2)). Let i(l) = -l**2 - 23*l - 25. What is the remainder when i(-21) is divided by (8 - -1) + 1 + g?
8
Let n(x) = x**2 - 3. What is the remainder when 51 is divided by n(-4)?
12
Let c be (-5 - 2) + -3 + 1. Let t(b) = -2*b - 4. Calculate the remainder when t(c) is divided by 5.
4
Let u(o) = o**2 - 2*o - 1. What is the remainder when (3 - 1)*(-82)/(-4) is divided by u(5)?
13
Let v = 5 + -1. Let q = -11 + 13. What is the remainder when v is divided by q?
0
Suppose -p + 12 = -4*m, 0 = -2*m - m - 2*p + 2. Let o be -10*1/m + 0. Suppose 0 = o*z - 121 - 19. Calculate the remainder when z is divided by 15.
13
Suppose -3*l + 11 = 2. Let i = -3 + l. Suppose i = -5*m - 0*m + 205. What is the remainder when m is divided by 14?
13
Suppose 3*d + 21 = 4*n, 4*d + 22 = 4*n + 6. Calculate the remainder when n is divided by 4.
1
Suppose 5*b = 3*g + 411, g = -2*b + 103 + 68. What is the remainder when b is divided by 22?
18
Suppose -k + 2*h - 54 = -5*k, 5*k - 90 = 2*h. Suppose 0 = -4*j - 0*j + 8. What is the remainder when (-3 + 4 - -26) + j is divided by k?
13
Suppose -c + 11 = 3*h + 3, 5*c - 4*h = 116. Let x = -5 + 7. Let n(u) = u**2 + 3*u - 3. What is the remainder when c is divided by n(x)?
6
Suppose 0 = 3*x + 9 - 87. Suppose 0*v + 3*k + 96 = 3*v, 0 = -2*v + 3*k + 59. Let b = v - x. Calculate the remainder when b is divided by 4.
3
Let o be 51/12 + (-2)/8. Suppose -b = -3*r + 3 - 5, o*b + 22 = -3*r. Let p(x) = -4*x**3 - 2*x**2 + x. Calculate the remainder when p(r) is divided by 12.
10
Suppose 0 = s - 3*x - 6, -4*s + 21 + 24 = -5*x. What is the remainder when 58 is divided by s?
13
Let n(u) = 5*u**3 + u**2 + u - 1. Let l = 10 - 5. Suppose -4*i = -z + l, z + 5*i + 70 = 6*z. What is the remainder when z is divided by n(1)?
5
Let m = 1 + 15. Let k(y) = 4*y**2 + 1. Let d be k(1). Calculate the remainder when 46/d*(-15)/(-3) is divided by m.
14
Let j = 17 + -7. Suppose l - 10 = -4. Suppose l*r = 5*r + 28. Calculate the remainder when r is divided by j.
8
Let j = 14 + -6. Suppose -o = o - j. What is the remainder when o is divided by 3?
1
Suppose -5*p + 1 = -2*q - 0*p, p + 7 = q. What is the remainder when 22 is divided by q?
10
Let b = -6 - -10. Suppose -44 = -0*x - b*x. What is the remainder when x is divided by 6?
5
Let f = -4 - -8. Let t(y) = -3*y - 4*y**2 - 1 + 1 + 6*y**2. Calculate the remainder when f is divided by t(2).
0
Let t(q) = -q**3 + q**2 + 2*q + 43. What is the remainder when t(0) is divided by 17?
9
Suppose -4*v + 68 = 5*c, -35 = -2*c + 3*v - 2*v. What is the remainder when 29 is divided by c?
13
Let q be (-3 - -1)/((-8)/12). Suppose -1 = -q*k + 5. Suppose -y = -3*n - 7, k*y + n - 40 = -12. What is the remainder when 23 is divided by y?
10
Suppose v + 10 = 6*v. Calculate the remainder when v is divided by 2.
0
Suppose 0*k = -k. Suppose -5*s + 9*s = k. Suppose s = -3*z - z + 80. What is the remainder when 38 is divided by z?
18
Suppose -5*k - 2*f + 1 = 0, 5*k - 4*f - f = 15. Calculate the remainder when (-11*(k + 0))/(-1) is divided by 6.
5
Let z = -19 + 49. Calculate the remainder when 58 is divided by z.
28
Let h(o) = -o + 1. Let j be h(2). Suppose 10 = -5*u, 3*u = -0*x - 3*x - 15. Calculate the remainder when 21 is divided by j - (x + 4) - -13.
10
Let r(z) = -z**2 - 8 + 7*z + 10 - 2*z. Let s be (0 - 2/(-2)) + 3. What is the remainder when 9 is divided by r(s)?
3
What is the remainder when 161 is divided by ((-108)/(-30))/((-141)/(-45) + -3)?
26
Let l(p) = 16*p - 4 - 14*p + 4. What is the remainder when 39 is divided by l(5)?
9
Let k = -18 + 32. What is the remainder when k is divided by 6?
2
Let t be 4*1/6*-3. Calculate the remainder when (232/16)/((-1)/t) is divided by 10.
9
Let d = 8 - -17. Let x be (-1*(1 + 7))/(-2). Suppose -x*f + 151 = -145. What is the remainder when f is divided by d?
24
Let h = -42 + 59. What is the remainder when 62 is divided by h?
11
Let n(j) = -6*j - 1. Let b be n(-1). Suppose -8 = -b*h + 2. Suppose -o + 4*z - 6 = -h*o, -2*o - 5*z + 15 = 0. What is the remainder when 29 is divided by o?
9
What is the remainder when 208 is divided by -15 + 17 + (51 - 0)?
49
Let m = 75 + -38. What is the remainder when m is divided by 13?
11
Let g(z) = 14*z. Let s = 43 + 87. Suppose -2*d = 3*d - s. What is the remainder when d is divided by g(1)?
12
Let x = -4 + 9. Suppose 9 = -2*u + u + x*j, -j + 27 = 4*u. Suppose -13 = -l - 5*q, 0 = 3*l - 5*q - 33 - u. What is the remainder when l is divided by 8?
5
Suppose 0 = 2*h - 3*s - 15, -4*h = h - s - 5. Suppose h = n - 5*n. Let a = 1 + n. Calculate the remainder when a is divided by 1.
0
Let n be (-1 - 0)/(3/(-3)). Suppose 3*d = -p + 17, -5*d + 8 - n = -p. Suppose 0 = j + 3 - p. What is the remainder when 8 is divided by j?
3
Let n be (-2 - -2)/1 + 3. Suppose -n*t + 61 = 13. What is the remainder when t is divided by 12*-1*(5 - (-22)/(-4))?
4
Let p(a) = a**2 + 7*a - 11. Suppose -5*w - 5 = 5*r + 15, 0 = -r + 5. Calculate the remainder when 20 is divided by p(w).
6
Let h(a) = 7*a**2 - 9 + 6*a + 8*a - 3*a - 8*a**2. Calculate the remainder when 26 is divided by h(9).
8
Let f be ((-93)/(-6) - 0)*2. What is the remainder when f + (-1 - -2) + 1 is divided by 17?
16
Suppose 23 + 91 = 2*z. What is the remainder when z is divided by 17?
6
Suppose -3*z - 2*n - 30 = -4*z, 55 = 2*z - 3*n. Suppose m + 22 = 4*j - m, 0 = 2*j - 4*m - 2. Calculate the remainder when z is divided by j.
6
Let i = 115 - 75. Calculate the remainder when i is divided by 6.
4
Let c be -1 - (-23 - 2/2). Let d = c + -7. Calculate the remainder when d is divided by (-1)/2 - 26/(-4).
4
Let r = 0 - -4. Let f = -29 - -43. What is the remainder when f is divided by r?
2
Calculate the remainder when 3/((-6)/(-172)) - -2 is divided by 9.
7
Let m(b) = b**3 - 10*b**2 + 2*b - 5. Suppose 66 + 74 = 5*l - g, l + 4*g = 28. Calculate the remainder when l is divided by m(10).
13
Let p = 108 + -43. Calculate the remainder when p is divided by 33.
32
Let x(g) = 27*g**2 - 1. What is the remainder when x(1) is divided by 9 - (1 - 1)*(-5)/(-10)?
8
Suppose 3*s - 20 = 7*s. What is the remainder when s/(75/99)*-5 is divided by 9?
6
Let l = 14 + -12. Suppose 0*c - l*y + 94 = 2*c, -151 = -3*c - 5*y. Let f = 34 + -12. What is the remainder when c is divided by f?
20
Suppose -r - d + 33 = 0, 6*r - 4*r